{"id":2078,"date":"2021-09-13T16:05:51","date_gmt":"2021-09-13T14:05:51","guid":{"rendered":"https:\/\/kreatorniazmian.pl\/sklep\/?page_id=2078"},"modified":"2021-09-16T13:50:14","modified_gmt":"2021-09-16T11:50:14","slug":"faq","status":"publish","type":"page","link":"https:\/\/kreatorniazmian.pl\/sklep\/faq\/","title":{"rendered":"FAQ"},"content":{"rendered":"\t\t<div data-elementor-type=\"wp-page\" data-elementor-id=\"2078\" class=\"elementor elementor-2078\" data-elementor-post-type=\"page\">\n\t\t\t\t\t\t<section class=\"elementor-section elementor-top-section elementor-element elementor-element-94db795 elementor-section-boxed elementor-section-height-default elementor-section-height-default\" data-id=\"94db795\" data-element_type=\"section\" data-e-type=\"section\">\n\t\t\t\t\t\t<div class=\"elementor-container elementor-column-gap-default\">\n\t\t\t\t\t<div class=\"elementor-column elementor-col-100 elementor-top-column elementor-element elementor-element-dbba8a9\" data-id=\"dbba8a9\" data-element_type=\"column\" data-e-type=\"column\">\n\t\t\t<div class=\"elementor-widget-wrap elementor-element-populated\">\n\t\t\t\t\t\t<div class=\"elementor-element elementor-element-358d080 elementor-widget elementor-widget-spacer\" data-id=\"358d080\" data-element_type=\"widget\" data-e-type=\"widget\" data-widget_type=\"spacer.default\">\n\t\t\t\t<div class=\"elementor-widget-container\">\n\t\t\t\t\t\t\t<div class=\"elementor-spacer\">\n\t\t\t<div class=\"elementor-spacer-inner\"><\/div>\n\t\t<\/div>\n\t\t\t\t\t\t<\/div>\n\t\t\t\t<\/div>\n\t\t\t\t<div class=\"elementor-element elementor-element-ebb5dd4 elementor-widget elementor-widget-heading\" data-id=\"ebb5dd4\" data-element_type=\"widget\" data-e-type=\"widget\" data-widget_type=\"heading.default\">\n\t\t\t\t<div class=\"elementor-widget-container\">\n\t\t\t\t\t<h2 class=\"elementor-heading-title elementor-size-default\"><span class=\"underline-background\"><b>Najcz\u0119\u015bciej zadawane pytanie - FAQ<\/b><\/span><\/h2>\t\t\t\t<\/div>\n\t\t\t\t<\/div>\n\t\t\t\t\t<\/div>\n\t\t<\/div>\n\t\t\t\t\t<\/div>\n\t\t<\/section>\n\t\t\t\t<section class=\"elementor-section elementor-top-section elementor-element elementor-element-75e2815 elementor-section-boxed elementor-section-height-default elementor-section-height-default\" data-id=\"75e2815\" data-element_type=\"section\" data-e-type=\"section\">\n\t\t\t\t\t\t<div class=\"elementor-container elementor-column-gap-default\">\n\t\t\t\t\t<div class=\"elementor-column elementor-col-100 elementor-top-column elementor-element elementor-element-5a9a583\" data-id=\"5a9a583\" data-element_type=\"column\" data-e-type=\"column\">\n\t\t\t<div class=\"elementor-widget-wrap elementor-element-populated\">\n\t\t\t\t\t\t<div class=\"elementor-element elementor-element-14c411e elementor-widget elementor-widget-accordion\" data-id=\"14c411e\" data-element_type=\"widget\" data-e-type=\"widget\" data-widget_type=\"accordion.default\">\n\t\t\t\t<div class=\"elementor-widget-container\">\n\t\t\t\t\t\t\t<div class=\"elementor-accordion\">\n\t\t\t\t\t\t\t<div class=\"elementor-accordion-item\">\n\t\t\t\t\t<div id=\"elementor-tab-title-2171\" class=\"elementor-tab-title\" data-tab=\"1\" role=\"button\" aria-controls=\"elementor-tab-content-2171\" aria-expanded=\"false\">\n\t\t\t\t\t\t\t\t\t\t\t\t\t<span class=\"elementor-accordion-icon elementor-accordion-icon-left\" aria-hidden=\"true\">\n\t\t\t\t\t\t\t\t\t\t\t\t\t\t\t<span class=\"elementor-accordion-icon-closed\"><i class=\"fas fa-plus\"><\/i><\/span>\n\t\t\t\t\t\t\t\t<span class=\"elementor-accordion-icon-opened\"><i class=\"fas fa-minus\"><\/i><\/span>\n\t\t\t\t\t\t\t\t\t\t\t\t\t\t<\/span>\n\t\t\t\t\t\t\t\t\t\t\t\t<a class=\"elementor-accordion-title\" tabindex=\"0\">W jaki spos\u00f3b obliczy\u0107 moje zapotrzebowanie energetyczne i dobra\u0107 jad\u0142ospis?<\/a>\n\t\t\t\t\t<\/div>\n\t\t\t\t\t<div id=\"elementor-tab-content-2171\" class=\"elementor-tab-content elementor-clearfix\" data-tab=\"1\" role=\"region\" aria-labelledby=\"elementor-tab-title-2171\"><p>Wejd\u017a w zak\u0142adk\u0119 <strong><a href=\"https:\/\/kreatorniazmian.pl\/sklep\/wybierz-kalorycznosc\/\" target=\"_blank\" rel=\"noopener\">&#8220;Wybierz kaloryczno\u015b\u0107&#8221;<\/a><\/strong>. Znajdziesz tam <strong>kalkulator<\/strong>, kt\u00f3ry po wpisaniu danych przez Ciebie obliczy Twoje podstawowe i ca\u0142kowite zapotrzebowanie energetyczne. Zapoznaj si\u0119 z interpretacj\u0105 ich i moimi poradami jak bezpiecznie dobra\u0107 kaloryczno\u015b\u0107 by zadba\u0107 o zdrowie, a tak\u017ce wtedy kiedy chcesz zredukowa\u0107 mas\u0119 cia\u0142a w spos\u00f3b, kt\u00f3ry b\u0119dzie \u0142agodny i nieobci\u0105\u017caj\u0105cy.\u00a0<\/p><\/div>\n\t\t\t\t<\/div>\n\t\t\t\t\t\t\t<div class=\"elementor-accordion-item\">\n\t\t\t\t\t<div id=\"elementor-tab-title-2172\" class=\"elementor-tab-title\" data-tab=\"2\" role=\"button\" aria-controls=\"elementor-tab-content-2172\" aria-expanded=\"false\">\n\t\t\t\t\t\t\t\t\t\t\t\t\t<span class=\"elementor-accordion-icon elementor-accordion-icon-left\" aria-hidden=\"true\">\n\t\t\t\t\t\t\t\t\t\t\t\t\t\t\t<span class=\"elementor-accordion-icon-closed\"><i class=\"fas fa-plus\"><\/i><\/span>\n\t\t\t\t\t\t\t\t<span class=\"elementor-accordion-icon-opened\"><i class=\"fas fa-minus\"><\/i><\/span>\n\t\t\t\t\t\t\t\t\t\t\t\t\t\t<\/span>\n\t\t\t\t\t\t\t\t\t\t\t\t<a class=\"elementor-accordion-title\" tabindex=\"0\">Jak z\u0142o\u017cy\u0107 zam\u00f3wienie w obcej walucie? <\/a>\n\t\t\t\t\t<\/div>\n\t\t\t\t\t<div id=\"elementor-tab-content-2172\" class=\"elementor-tab-content elementor-clearfix\" data-tab=\"2\" role=\"region\" aria-labelledby=\"elementor-tab-title-2172\"><p>W ko\u0144cowym etapie realizacji zam\u00f3wienia czyli po dodaniu produkt\u00f3w do koszyka mo\u017cesz wybra\u0107 opcj\u0119 PayPal. Je\u015bli nie masz mo\u017cliwo\u015bci zap\u0142aci\u0107 poprzez PayPal istnieje opcja p\u0142atno\u015bci bezpo\u015bredniej na konto bankowe w Polsce. Poni\u017cej znajdziesz dane.\u00a0<\/p><p><b>Co zrobi\u0107 krok po kroku?\u00a0<\/b><\/p><p>1. Sk\u0142adaj zam\u00f3wienie i dodaj produkty do koszyka tak jak robisz to zazwyczaj.\u00a0\u00a0<\/p><p>2. Wpisz niezb\u0119dne dane i przejd\u017a do opcji p\u0142atno\u015bci. Je\u015bli masz PayPal zap\u0142aci\u0107 PayPalem. Je\u015bli nie, zako\u0144cz zam\u00f3wienie na tym etapie, zr\u00f3b przelew tradycyjny i wy\u015blij do mnie maila z potwierdzeniem p\u0142atno\u015bci bym mog\u0142a jak najszybciej udost\u0119pni\u0107 Ci pliki. Napisz na: <b>kontakt@kreatorniazmian.pl\u00a0<\/b><\/p><p><b>Dane do przelew\u00f3w w innej walucie ni\u017c PLN<\/b><\/p><p>\u00a0<\/p><p>\u00a0<\/p><p>Nutrika Kamila Urbaniak<br \/>ul. Warszawska 47<br \/>08-470 Wilga<\/p><p>\u00a0<\/p><p>\u00a0<\/p><p><b>IBAN:\u00a0\u00a0PL36114020040000310281608708<br \/>KOD SWIFT:\u00a0BREXPLPWMBK<\/b><\/p><\/div>\n\t\t\t\t<\/div>\n\t\t\t\t\t\t\t<div class=\"elementor-accordion-item\">\n\t\t\t\t\t<div id=\"elementor-tab-title-2173\" class=\"elementor-tab-title\" data-tab=\"3\" role=\"button\" aria-controls=\"elementor-tab-content-2173\" aria-expanded=\"false\">\n\t\t\t\t\t\t\t\t\t\t\t\t\t<span class=\"elementor-accordion-icon elementor-accordion-icon-left\" aria-hidden=\"true\">\n\t\t\t\t\t\t\t\t\t\t\t\t\t\t\t<span class=\"elementor-accordion-icon-closed\"><i class=\"fas fa-plus\"><\/i><\/span>\n\t\t\t\t\t\t\t\t<span class=\"elementor-accordion-icon-opened\"><i class=\"fas fa-minus\"><\/i><\/span>\n\t\t\t\t\t\t\t\t\t\t\t\t\t\t<\/span>\n\t\t\t\t\t\t\t\t\t\t\t\t<a class=\"elementor-accordion-title\" tabindex=\"0\">Kiedy otrzymam pliki do zam\u00f3wienia? <\/a>\n\t\t\t\t\t<\/div>\n\t\t\t\t\t<div id=\"elementor-tab-content-2173\" class=\"elementor-tab-content elementor-clearfix\" data-tab=\"3\" role=\"region\" aria-labelledby=\"elementor-tab-title-2173\"><p>Pliki czyli Tw\u00f3j jad\u0142ospis czy ebook s\u0105 wysy\u0142ane wtedy kiedy system p\u0142atno\u015bci odnotuje poprawie wykonan\u0105 wp\u0142at\u0119. M\u00f3wi\u0105c wprost, zaksi\u0119guje j\u0105. To powoduje, \u017ce otrzymujesz email z mo\u017cliwo\u015bci\u0105 pobrania wszystkich plik\u00f3w od razu. Je\u015bli co\u015b p\u00f3jdzie nie tak z p\u0142atno\u015bci\u0105, zawiesi si\u0119, nie otrzymasz kody BLIK, zawiesi si\u0119 internet i nie zostanie ona doko\u0144czona, niezb\u0119dne jest po prostu doko\u0144czenie finalizacji zam\u00f3wienia, p\u0142atno\u015b\u0107 i wtedy otrzymasz swoje pliki.\u00a0<\/p><p>W przypadku problem\u00f3w po prostu napisz do mnie. Pomog\u0119 \ud83d\ude42\u00a0<\/p><\/div>\n\t\t\t\t<\/div>\n\t\t\t\t\t\t\t\t<\/div>\n\t\t\t\t\t\t<\/div>\n\t\t\t\t<\/div>\n\t\t\t\t\t<\/div>\n\t\t<\/div>\n\t\t\t\t\t<\/div>\n\t\t<\/section>\n\t\t\t\t<\/div>\n\t\t","protected":false},"excerpt":{"rendered":"<p>Najcz\u0119\u015bciej zadawane pytanie &#8211; FAQ W jaki spos\u00f3b obliczy\u0107 moje zapotrzebowanie energetyczne i dobra\u0107 jad\u0142ospis? Wejd\u017a w zak\u0142adk\u0119 &#8222;Wybierz kaloryczno\u015b\u0107&#8221;. Znajdziesz tam kalkulator, kt\u00f3ry po wpisaniu danych przez Ciebie obliczy Twoje podstawowe i ca\u0142kowite zapotrzebowanie energetyczne. Zapoznaj si\u0119 z interpretacj\u0105 ich i moimi poradami jak bezpiecznie dobra\u0107 kaloryczno\u015b\u0107 by zadba\u0107 o zdrowie, a tak\u017ce wtedy [&hellip;]<\/p>\n","protected":false},"author":3,"featured_media":0,"parent":0,"menu_order":0,"comment_status":"closed","ping_status":"closed","template":"elementor_header_footer","meta":{"_acf_changed":false,"site-sidebar-layout":"no-sidebar","site-content-layout":"page-builder","ast-site-content-layout":"default","site-content-style":"default","site-sidebar-style":"default","ast-global-header-display":"","ast-banner-title-visibility":"","ast-main-header-display":"","ast-hfb-above-header-display":"","ast-hfb-below-header-display":"","ast-hfb-mobile-header-display":"","site-post-title":"disabled","ast-breadcrumbs-content":"","ast-featured-img":"disabled","footer-sml-layout":"","ast-disable-related-posts":"","theme-transparent-header-meta":"default","adv-header-id-meta":"","stick-header-meta":"","header-above-stick-meta":"","header-main-stick-meta":"","header-below-stick-meta":"","astra-migrate-meta-layouts":"default","ast-page-background-enabled":"default","ast-page-background-meta":{"desktop":{"background-color":"","background-image":"","background-repeat":"repeat","background-position":"center center","background-size":"auto","background-attachment":"scroll","background-type":"","background-media":"","overlay-type":"","overlay-color":"","overlay-opacity":"","overlay-gradient":""},"tablet":{"background-color":"","background-image":"","background-repeat":"repeat","background-position":"center center","background-size":"auto","background-attachment":"scroll","background-type":"","background-media":"","overlay-type":"","overlay-color":"","overlay-opacity":"","overlay-gradient":""},"mobile":{"background-color":"","background-image":"","background-repeat":"repeat","background-position":"center center","background-size":"auto","background-attachment":"scroll","background-type":"","background-media":"","overlay-type":"","overlay-color":"","overlay-opacity":"","overlay-gradient":""}},"ast-content-background-meta":{"desktop":{"background-color":"var(--ast-global-color-5)","background-image":"","background-repeat":"repeat","background-position":"center center","background-size":"auto","background-attachment":"scroll","background-type":"","background-media":"","overlay-type":"","overlay-color":"","overlay-opacity":"","overlay-gradient":""},"tablet":{"background-color":"var(--ast-global-color-5)","background-image":"","background-repeat":"repeat","background-position":"center center","background-size":"auto","background-attachment":"scroll","background-type":"","background-media":"","overlay-type":"","overlay-color":"","overlay-opacity":"","overlay-gradient":""},"mobile":{"background-color":"var(--ast-global-color-5)","background-image":"","background-repeat":"repeat","background-position":"center center","background-size":"auto","background-attachment":"scroll","background-type":"","background-media":"","overlay-type":"","overlay-color":"","overlay-opacity":"","overlay-gradient":""}},"footnotes":""},"class_list":["post-2078","page","type-page","status-publish","hentry"],"acf":[],"yoast_head":"<!-- This site is optimized with the Yoast SEO plugin v27.3 - https:\/\/yoast.com\/product\/yoast-seo-wordpress\/ -->\n<title>FAQ - Kreatornia Zmian<\/title>\n<meta name=\"robots\" content=\"index, follow, max-snippet:-1, max-image-preview:large, max-video-preview:-1\" \/>\n<link rel=\"canonical\" href=\"https:\/\/kreatorniazmian.pl\/sklep\/faq\/\" \/>\n<meta property=\"og:locale\" content=\"pl_PL\" \/>\n<meta property=\"og:type\" content=\"article\" \/>\n<meta property=\"og:title\" content=\"FAQ - Kreatornia Zmian\" \/>\n<meta property=\"og:description\" content=\"Najcz\u0119\u015bciej zadawane pytanie &#8211; FAQ W jaki spos\u00f3b obliczy\u0107 moje zapotrzebowanie energetyczne i dobra\u0107 jad\u0142ospis? Wejd\u017a w zak\u0142adk\u0119 &#8222;Wybierz kaloryczno\u015b\u0107&#8221;. Znajdziesz tam kalkulator, kt\u00f3ry po wpisaniu danych przez Ciebie obliczy Twoje podstawowe i ca\u0142kowite zapotrzebowanie energetyczne. Zapoznaj si\u0119 z interpretacj\u0105 ich i moimi poradami jak bezpiecznie dobra\u0107 kaloryczno\u015b\u0107 by zadba\u0107 o zdrowie, a tak\u017ce wtedy [&hellip;]\" \/>\n<meta property=\"og:url\" content=\"https:\/\/kreatorniazmian.pl\/sklep\/faq\/\" \/>\n<meta property=\"og:site_name\" content=\"Kreatornia Zmian\" \/>\n<meta property=\"article:modified_time\" content=\"2021-09-16T11:50:14+00:00\" \/>\n<meta name=\"twitter:card\" content=\"summary_large_image\" \/>\n<meta name=\"twitter:label1\" content=\"Szacowany czas czytania\" \/>\n\t<meta name=\"twitter:data1\" content=\"2 minuty\" \/>\n<script type=\"application\/ld+json\" class=\"yoast-schema-graph\">{\"@context\":\"https:\\\/\\\/schema.org\",\"@graph\":[{\"@type\":\"WebPage\",\"@id\":\"https:\\\/\\\/kreatorniazmian.pl\\\/sklep\\\/faq\\\/\",\"url\":\"https:\\\/\\\/kreatorniazmian.pl\\\/sklep\\\/faq\\\/\",\"name\":\"FAQ - Kreatornia Zmian\",\"isPartOf\":{\"@id\":\"https:\\\/\\\/kreatorniazmian.pl\\\/sklep\\\/#website\"},\"datePublished\":\"2021-09-13T14:05:51+00:00\",\"dateModified\":\"2021-09-16T11:50:14+00:00\",\"breadcrumb\":{\"@id\":\"https:\\\/\\\/kreatorniazmian.pl\\\/sklep\\\/faq\\\/#breadcrumb\"},\"inLanguage\":\"pl-PL\",\"potentialAction\":[{\"@type\":\"ReadAction\",\"target\":[\"https:\\\/\\\/kreatorniazmian.pl\\\/sklep\\\/faq\\\/\"]}]},{\"@type\":\"BreadcrumbList\",\"@id\":\"https:\\\/\\\/kreatorniazmian.pl\\\/sklep\\\/faq\\\/#breadcrumb\",\"itemListElement\":[{\"@type\":\"ListItem\",\"position\":1,\"name\":\"Strona g\u0142\u00f3wna\",\"item\":\"https:\\\/\\\/kreatorniazmian.pl\\\/sklep\\\/\"},{\"@type\":\"ListItem\",\"position\":2,\"name\":\"FAQ\"}]},{\"@type\":\"WebSite\",\"@id\":\"https:\\\/\\\/kreatorniazmian.pl\\\/sklep\\\/#website\",\"url\":\"https:\\\/\\\/kreatorniazmian.pl\\\/sklep\\\/\",\"name\":\"Kreatornia Zmian\",\"description\":\"Dietoterapia z czu\u0142o\u015bci\u0105\",\"publisher\":{\"@id\":\"https:\\\/\\\/kreatorniazmian.pl\\\/sklep\\\/#organization\"},\"potentialAction\":[{\"@type\":\"SearchAction\",\"target\":{\"@type\":\"EntryPoint\",\"urlTemplate\":\"https:\\\/\\\/kreatorniazmian.pl\\\/sklep\\\/?s={search_term_string}\"},\"query-input\":{\"@type\":\"PropertyValueSpecification\",\"valueRequired\":true,\"valueName\":\"search_term_string\"}}],\"inLanguage\":\"pl-PL\"},{\"@type\":\"Organization\",\"@id\":\"https:\\\/\\\/kreatorniazmian.pl\\\/sklep\\\/#organization\",\"name\":\"Kreatornia Zmian Kamila Urbaniak\",\"url\":\"https:\\\/\\\/kreatorniazmian.pl\\\/sklep\\\/\",\"logo\":{\"@type\":\"ImageObject\",\"inLanguage\":\"pl-PL\",\"@id\":\"https:\\\/\\\/kreatorniazmian.pl\\\/sklep\\\/#\\\/schema\\\/logo\\\/image\\\/\",\"url\":\"https:\\\/\\\/kreatorniazmian.pl\\\/sklep\\\/wp-content\\\/uploads\\\/2021\\\/04\\\/kreatornia-zmian.png\",\"contentUrl\":\"https:\\\/\\\/kreatorniazmian.pl\\\/sklep\\\/wp-content\\\/uploads\\\/2021\\\/04\\\/kreatornia-zmian.png\",\"width\":1244,\"height\":669,\"caption\":\"Kreatornia Zmian Kamila Urbaniak\"},\"image\":{\"@id\":\"https:\\\/\\\/kreatorniazmian.pl\\\/sklep\\\/#\\\/schema\\\/logo\\\/image\\\/\"}}]}<\/script>\n<!-- \/ Yoast SEO plugin. -->","yoast_head_json":{"title":"FAQ - Kreatornia Zmian","robots":{"index":"index","follow":"follow","max-snippet":"max-snippet:-1","max-image-preview":"max-image-preview:large","max-video-preview":"max-video-preview:-1"},"canonical":"https:\/\/kreatorniazmian.pl\/sklep\/faq\/","og_locale":"pl_PL","og_type":"article","og_title":"FAQ - Kreatornia Zmian","og_description":"Najcz\u0119\u015bciej zadawane pytanie &#8211; FAQ W jaki spos\u00f3b obliczy\u0107 moje zapotrzebowanie energetyczne i dobra\u0107 jad\u0142ospis? Wejd\u017a w zak\u0142adk\u0119 &#8222;Wybierz kaloryczno\u015b\u0107&#8221;. Znajdziesz tam kalkulator, kt\u00f3ry po wpisaniu danych przez Ciebie obliczy Twoje podstawowe i ca\u0142kowite zapotrzebowanie energetyczne. Zapoznaj si\u0119 z interpretacj\u0105 ich i moimi poradami jak bezpiecznie dobra\u0107 kaloryczno\u015b\u0107 by zadba\u0107 o zdrowie, a tak\u017ce wtedy [&hellip;]","og_url":"https:\/\/kreatorniazmian.pl\/sklep\/faq\/","og_site_name":"Kreatornia Zmian","article_modified_time":"2021-09-16T11:50:14+00:00","twitter_card":"summary_large_image","twitter_misc":{"Szacowany czas czytania":"2 minuty"},"schema":{"@context":"https:\/\/schema.org","@graph":[{"@type":"WebPage","@id":"https:\/\/kreatorniazmian.pl\/sklep\/faq\/","url":"https:\/\/kreatorniazmian.pl\/sklep\/faq\/","name":"FAQ - Kreatornia Zmian","isPartOf":{"@id":"https:\/\/kreatorniazmian.pl\/sklep\/#website"},"datePublished":"2021-09-13T14:05:51+00:00","dateModified":"2021-09-16T11:50:14+00:00","breadcrumb":{"@id":"https:\/\/kreatorniazmian.pl\/sklep\/faq\/#breadcrumb"},"inLanguage":"pl-PL","potentialAction":[{"@type":"ReadAction","target":["https:\/\/kreatorniazmian.pl\/sklep\/faq\/"]}]},{"@type":"BreadcrumbList","@id":"https:\/\/kreatorniazmian.pl\/sklep\/faq\/#breadcrumb","itemListElement":[{"@type":"ListItem","position":1,"name":"Strona g\u0142\u00f3wna","item":"https:\/\/kreatorniazmian.pl\/sklep\/"},{"@type":"ListItem","position":2,"name":"FAQ"}]},{"@type":"WebSite","@id":"https:\/\/kreatorniazmian.pl\/sklep\/#website","url":"https:\/\/kreatorniazmian.pl\/sklep\/","name":"Kreatornia Zmian","description":"Dietoterapia z czu\u0142o\u015bci\u0105","publisher":{"@id":"https:\/\/kreatorniazmian.pl\/sklep\/#organization"},"potentialAction":[{"@type":"SearchAction","target":{"@type":"EntryPoint","urlTemplate":"https:\/\/kreatorniazmian.pl\/sklep\/?s={search_term_string}"},"query-input":{"@type":"PropertyValueSpecification","valueRequired":true,"valueName":"search_term_string"}}],"inLanguage":"pl-PL"},{"@type":"Organization","@id":"https:\/\/kreatorniazmian.pl\/sklep\/#organization","name":"Kreatornia Zmian Kamila Urbaniak","url":"https:\/\/kreatorniazmian.pl\/sklep\/","logo":{"@type":"ImageObject","inLanguage":"pl-PL","@id":"https:\/\/kreatorniazmian.pl\/sklep\/#\/schema\/logo\/image\/","url":"https:\/\/kreatorniazmian.pl\/sklep\/wp-content\/uploads\/2021\/04\/kreatornia-zmian.png","contentUrl":"https:\/\/kreatorniazmian.pl\/sklep\/wp-content\/uploads\/2021\/04\/kreatornia-zmian.png","width":1244,"height":669,"caption":"Kreatornia Zmian Kamila Urbaniak"},"image":{"@id":"https:\/\/kreatorniazmian.pl\/sklep\/#\/schema\/logo\/image\/"}}]}},"_links":{"self":[{"href":"https:\/\/kreatorniazmian.pl\/sklep\/wp-json\/wp\/v2\/pages\/2078","targetHints":{"allow":["GET"]}}],"collection":[{"href":"https:\/\/kreatorniazmian.pl\/sklep\/wp-json\/wp\/v2\/pages"}],"about":[{"href":"https:\/\/kreatorniazmian.pl\/sklep\/wp-json\/wp\/v2\/types\/page"}],"author":[{"embeddable":true,"href":"https:\/\/kreatorniazmian.pl\/sklep\/wp-json\/wp\/v2\/users\/3"}],"replies":[{"embeddable":true,"href":"https:\/\/kreatorniazmian.pl\/sklep\/wp-json\/wp\/v2\/comments?post=2078"}],"version-history":[{"count":0,"href":"https:\/\/kreatorniazmian.pl\/sklep\/wp-json\/wp\/v2\/pages\/2078\/revisions"}],"wp:attachment":[{"href":"https:\/\/kreatorniazmian.pl\/sklep\/wp-json\/wp\/v2\/media?parent=2078"}],"curies":[{"name":"wp","href":"https:\/\/api.w.org\/{rel}","templated":true}]}}